. Calculate the remainder when 456/r - (-4)/10 is divided by 12.
10
Let v = -4 + -1. Let a be 17/(-5) + 3/v. Calculate the remainder when 6/8 + (-85)/a is divided by 8.
6
Suppose -i = -0*i. What is the remainder when i + 94/(-3 + 5) is divided by 12?
11
What is the remainder when 11 is divided by (1/1)/(2/18)?
2
Let z be (48/14 + -2)*(7 + 0). Let n = -1 - 4. What is the remainder when z*((-16)/n)/4 is divided by 3?
2
Suppose 0 = -5*m - 16 - 34. Let n = 23 + m. Let t(a) = -7*a - 42. Calculate the remainder when n is divided by t(-7).
6
Let c be ((-52)/8)/((-1)/2). Let n = 2 + c. Calculate the remainder when 27 is divided by n.
12
Suppose 4*v - 9*v = -185. Suppose 4*k - 2*o = -3*o + v, -k - o = -13. Let a(j) = -j**2 + 10*j + 10. Calculate the remainder when a(k) is divided by 14.
12
Let r = 45 - 35. Calculate the remainder when 36 is divided by r.
6
What is the remainder when 46 is divided by (-6)/(-4)*100/15?
6
Let h = 6 - -18. Let s = -14 + h. Calculate the remainder when s is divided by -2 + 3 + 5*1.
4
Calculate the remainder when 5 + (-4 - -3) + 138 is divided by 36.
34
Let j = 80 + -48. Calculate the remainder when j is divided by (-2)/1*(-34)/4.
15
Suppose -2*d + 55 = -19. Let p = -22 + d. What is the remainder when 44 is divided by p?
14
Suppose 5*b + 0*b - 60 = -5*h, 4*b - 37 = -3*h. Calculate the remainder when 43 is divided by h.
10
Let x = -9 - -14. Let q be 0 + 2 + 4 + -2. Suppose i = -i + q*y, -3*i - 4*y + 40 = 0. Calculate the remainder when i is divided by x.
3
Suppose -4*g = -2*g - 30. Calculate the remainder when g is divided by 8.
7
What is the remainder when 18 is divided by (-2 - -1) + 7 + (-3)/(-3)?
4
Let x(k) = -3*k - 1. Let c be x(-1). What is the remainder when 3 + -1 - (-2 - c) is divided by 3?
0
Let k(o) = -o**3 + 13*o**2 + 4. What is the remainder when 14 is divided by k(13)?
2
Suppose -4*d - 2*h + 0*h + 2008 = 0, -5*d + 5*h = -2510. What is the remainder when 43 is divided by 4/22 - d/(-22)?
20
Suppose b = a - 25, 5*a + 5*b - 116 = b. What is the remainder when a is divided by 10?
4
Suppose -11 = 3*m + 4*t, 0 = -2*m + t + 4*t + 31. Calculate the remainder when 6 is divided by m.
0
Let o = 135 + -116. Calculate the remainder when o is divided by 11.
8
Let g(m) = 7*m - 6. Let x be g(-6). Let a = 101 + x. What is the remainder when a is divided by (-6)/(-21) + 124/7?
17
Suppose 46 = 3*k - 74. What is the remainder when k is divided by 14?
12
Let x(b) = b + 4. Let d be x(-4). Let u = 3 + -5. What is the remainder when (d + u)/(8/(-116)) is divided by 10?
9
Let v(m) = -5*m**3 - 3*m**2 - 3*m - 7. What is the remainder when v(-3) is divided by 16?
14
Suppose 0 = 5*l - d - 118, 4*d = -5*l - 0*d + 128. Let k(v) = v**2 + v + 3. Let p be k(-6). Suppose 3*q = 6 + p. Calculate the remainder when l is divided by q.
11
Suppose -3*m + 8 = -m. Suppose m*o - 50 - 26 = 0. What is the remainder when 36 is divided by o?
17
Suppose -2*u + 3*o - o = -6, -2*o = 0. Let g be 80/3 + (-26)/39. Calculate the remainder when g/6 - 10/(-15) is divided by u.
2
Let k = 10 + 10. Calculate the remainder when 37 is divided by k.
17
Let b(p) = -2*p**2 - p + 6 + 2 - 3*p**2 + 2*p**3. What is the remainder when b(4) is divided by 11?
8
Suppose 0 = -5*q - 2*h + 13 + 4, 5*q = 4*h + 41. Calculate the remainder when q is divided by 2.
1
Let v = -12 + 22. What is the remainder when 49 is divided by v?
9
Suppose 0 = -o - 2*k + 23, -4*o + 74 = -k - 0. Let h = -32 - -72. Suppose w = h + 15. Calculate the remainder when w is divided by o.
17
Suppose 2*l = -4, -d = d - l - 6. Let h(s) = -2 - d - s + 2*s - 6*s. What is the remainder when h(-4) is divided by 9?
7
Let y = 27 + -13. What is the remainder when 53 is divided by y?
11
Suppose -4*b = -3*b + 21. Let s = 34 + b. Calculate the remainder when 23 is divided by s.
10
Let n = 176 - -130. Suppose -2*o - 4*o = -n. What is the remainder when o is divided by 13?
12
Let g(a) = 10*a**2. Let v(r) = -r**3 + 6*r**2 - 5*r - 1. Let p be v(5). Let c be g(p). Suppose 0*x = -2*x + c. What is the remainder when 8 is divided by x?
3
Suppose -2*c + 0*c = -78. Suppose 7*q - c = 4*q. What is the remainder when 37 is divided by q?
11
Suppose 0 = i + 1 + 1, -79 = -5*t + 2*i. Calculate the remainder when 44 is divided by t.
14
Let f = -15 - -27. Calculate the remainder when f is divided by 7.
5
Let r = 17 - -11. Calculate the remainder when r is divided by 4.
0
Suppose 0 = -10*t + 8*t + 10. Let r = -4 + 9. What is the remainder when (1 + 22)/(t/r) is divided by 8?
7
Let h(u) = 4*u + 7. What is the remainder when h(7) is divided by 9?
8
Let a(h) = 4*h - 4. Suppose 5*q = -14 - 26. Let s = -1 - q. Calculate the remainder when a(s) is divided by 9.
6
Suppose -4*t + 3*l = -83 + 2, -3*t + 2*l = -62. What is the remainder when 119 is divided by t?
23
Calculate the remainder when (-6)/21 + (-268)/(-7) is divided by 10.
8
Let i(t) = -t**2 - 7*t + 13. Let a be i(-9). Calculate the remainder when 2/(5/(a/(-2))) is divided by 1.
0
Suppose 2 + 3 = -q. Let u = 13 - q. What is the remainder when u is divided by 10?
8
Let i(c) = c**2 - 3*c + 8. Calculate the remainder when i(-6) is divided by 16.
14
Suppose 0 = -8*n - 4*n + 492. What is the remainder when 244 is divided by n?
39
Let f = 11 - 2. What is the remainder when f is divided by 3?
0
Let b(p) = 3*p - 14. Let z be b(6). What is the remainder when 45 is divided by 7/(14/8)*z?
13
Let q(k) = k**2 + 4*k. What is the remainder when 47 is divided by q(-6)?
11
Let p(s) = 0*s - 2 - 2*s + 3*s. Let u be p(1). Let d = 16 - u. What is the remainder when 49 is divided by d?
15
Let s(p) = p - 5 + 1 - p**2 + 7*p. Let h be s(7). Suppose -2*k = -h*t - 39, t + 5 + 12 = k. What is the remainder when 23 is divided by k?
11
Suppose -60 = -4*k + 3*k - t, 3*k - t - 164 = 0. Calculate the remainder when 165 is divided by k.
53
Let q(t) = t**2 + 2*t + 3. Let n be q(-2). Suppose w - 28 = 23. Suppose z - 5*p = 4, -3*z - n*p + 33 = -w. Calculate the remainder when z is divided by 13.
11
Calculate the remainder when 183/3 + -2 + 5 is divided by 17.
13
Let c = 2 - -7. Let q = c + -5. What is the remainder when 9 is divided by q?
1
Let x(i) = i**3 + 5*i**2 - 6*i + 4. What is the remainder when 5*(-8)/(-10) + (-4)/(-4) is divided by x(-6)?
1
Let y(n) = n**3 + 4. Let k be y(0). Let q(s) = -s + 6. Let j be q(7). Let h = j + k. What is the remainder when 4 is divided by h?
1
Suppose 0 = -2*r - 0*r - 2*u + 118, -u + 315 = 5*r. Calculate the remainder when r is divided by 17.
13
Suppose -5*g - 5*a = -85, -2*g = -3*g - 5*a + 33. What is the remainder when 49 is divided by g?
10
Suppose 3*m + 2*m - 220 = 0. Suppose -s - 5 - 36 = -3*z, 4*z - 3*s - 48 = 0. Calculate the remainder when m is divided by z.
14
Let g(r) = -r + 14. Calculate the remainder when 130 is divided by g(-5).
16
What is the remainder when 0 - (-3 + 3 + -53) is divided by 18?
17
Let v be 91/1 - 4/4. Let m = -46 + v. Suppose 0*j = -4*j + m. What is the remainder when 32 is divided by j?
10
Let n be 4/(-6) + (-39)/9. Let l = -13 + 33. What is the remainder when 95*2*(-1)/n is divided by l?
18
Let p(n) be the first derivative of -n**4/4 + n**3 + 5*n**2/2 - n - 1. Let d be p(4). Calculate the remainder when 10 is divided by d + -3*(-3)/9.
2
Let c = -4 + 2. Let b be 8*2/(-8)*c. Suppose 4*a + 50 = 5*d, -4*a = -b*d - 3*a + 51. What is the remainder when 40 is divided by d?
12
Suppose 5*k - 66 = 2*v - 159, -2*k = -2*v + 90. Calculate the remainder when v is divided by 15.
14
Let j(y) be the first derivative of y**3/3 + y**2/2 + y - 1. Calculate the remainder when j(-6) is divided by 11.
9
Suppose 37 = 3*a - 101. What is the remainder when a is divided by 12?
10
Suppose -j + 1 = -2*m, -4*j + 3*m + 0*m = -24. Suppose -n = 2*y - 2*n - j, -5*n = -4*y + 21. What is the remainder when 7 is divided by y?
3
Let x(b) = 2*b**2 - b - 15. What is the remainder when 21 is divided by x(4)?
8
Let o be (180/(-8))/((-1)/2). Let g = o - 19. What is the remainder when 102 is divided by g?
24
Suppose 12 = 14*l - 12*l. What is the remainder when l is divided by (16/24)/((-2)/(-12))?
2
Suppose -2*y + y + 52 = -5*s, 3*y = -s + 108. What is the remainder when y is divided by 118/6 - (-4)/(-6)?
18
Let m = 48 - 37. What is the remainder when m is divided by 5?
1
Let j = 5 + -2. Suppose -5*c = -j*